 -5. Let n = 14 - k. What is the units digit of n?
6
What is the units digit of (-3)/((-9)/24) + 1?
9
Suppose 4*o - 104 = -4*k, -o - 4*o = 3*k - 140. Suppose -24 = -5*x + o. What is the tens digit of x?
1
Let w(s) = s**2 + 3*s - 58. What is the hundreds digit of w(14)?
1
Suppose -6 = -4*q + q. Let k be 36/q*2/3. Let x = k - 5. What is the units digit of x?
7
Suppose -9 = -2*m + 9. Suppose f + 36 = 3*f + 2*p, 0 = -3*p - m. What is the units digit of 6/f - (-33)/7?
5
Suppose -102 = 3*h + 4*c - 602, 5*c = 10. What is the units digit of h?
4
Let q(y) = y**2 + y. Let s(u) = u**2 - 8*u + 1. Let l(f) = 6*q(f) + s(f). Let h be l(1). Suppose 4 = -b + h. What is the units digit of b?
2
What is the tens digit of 127/3 + -4 + 66/18?
4
What is the units digit of 4/14 + 1224/28 + 3?
7
Suppose -3*i = -5*i + 164. What is the tens digit of i?
8
What is the hundreds digit of -4 + (-115)/(-25) - 1224/(-10)?
1
Suppose 4 = 3*r - r. Let p(q) = -2 - q**2 - q**3 + 6*q**r + 3 - 4*q. What is the units digit of p(3)?
7
Let o(s) = -s + 12. Suppose 10*m + 25 = 15*m. What is the units digit of o(m)?
7
Suppose -11 = j - 5*j - d, -5*j + 13 = d. What is the units digit of j?
2
Suppose -5*o = 5*x, -4 = -2*o - 5*x + 2*x. What is the tens digit of ((-32)/12)/(o/30)?
2
Let w = -3 - -5. Let m be 0 - (8 - (w - 2)). What is the units digit of ((-20)/m)/(1/2)?
5
Let y(v) = -v**2 + 5*v + 4. Let j = 2 - -2. Let l be y(j). What is the tens digit of (l/12)/((-1)/(-18))?
1
What is the tens digit of ((-65)/2)/(20/(-40))?
6
Let f be 3/(-12) + (-92)/16. What is the units digit of (-10)/(-3) + (-4)/f?
4
Let b(c) = -2*c**3 - 2*c**2 - c + 1. What is the tens digit of b(-3)?
4
Let u = -14 + 37. Suppose 3*i = -q + 10, -2*q - 4*i = -i - u. Let y = q + -9. What is the units digit of y?
4
Let q = -23 - 3. Let d = q + 50. What is the units digit of d?
4
Let i = 60 + -16. Let j = i + -27. What is the units digit of j?
7
What is the units digit of (0 + 1)/(12/1092)?
1
Suppose -4*o = o + 100. What is the units digit of ((-56)/o)/(2/10)?
4
Let o(m) = m**3 + 5*m**2 - 7*m - 1. Let b be o(-6). Suppose 17 = b*n - 8. Suppose -n*k + 15 = -0*k. What is the units digit of k?
3
Let w = -78 + 113. Suppose 1 + w = 4*b. What is the units digit of b?
9
Suppose 3*n + t - 47 = 5*t, -n + 2*t + 17 = 0. Let h(w) = -w**3 + 13*w**2 + w + 12. What is the tens digit of h(n)?
2
Let p(d) = -18*d**3 + 3*d**2 + 4*d + 3. What is the hundreds digit of p(-2)?
1
Let w(g) = -g**3 + 7*g**2 + g - 3. Let d be w(7). Suppose -v + 2*q = -d, -2*v = -3*q + 2*q - 8. What is the units digit of v?
4
Let m = 165 - 154. What is the units digit of m?
1
Let b(h) = -h + 9. Let y be b(0). Suppose x = -4 + y. What is the units digit of x?
5
Let l(p) = 2*p**2 - 5*p + 2. Let n be l(3). Let y = 2 + n. What is the units digit of y?
7
Suppose -1 = t - 2. Let q be -2 - 6 - (t - 1). Let i = q + 14. What is the units digit of i?
6
What is the units digit of 868/18 - (-18)/(-81)?
8
Let u(r) = r**3 + 7*r**2 + 3*r - 7. Let i be u(-5). Suppose -86 = 5*f - 4*n, 3*n = -2*f - 24 + 8. Let m = i + f. What is the units digit of m?
4
Let s be 21/(-14)*(1 + -5). Suppose s*d - 2*k - 195 = d, d = -3*k + 56. What is the units digit of d?
1
Let z(k) = k**2 - 10*k + 2. Let h be z(9). Let f = h - -2. What is the units digit of 3/(-3)*-1 - f?
6
Let a = 13 + -5. What is the units digit of a?
8
Suppose -3*x = -p + 11, -4 = -p + 4*x + 4. Suppose -4*y = -4*v - 28, -3*v - 2*v = p. Suppose -n - 6 = -y*n. What is the units digit of n?
3
Suppose 0*i - u - 18 = -3*i, -5*i + 2*u = -31. Suppose 0*a = 2*a - 6, i*s = a + 17. Suppose -3*c = -2*k - 4*c + 3, s*c = 4*k. What is the units digit of k?
1
Suppose 0 = 3*l - 81 - 9. What is the tens digit of l?
3
Suppose -i + 2*i + 3 = 3*t, 5*t = 3*i - 7. Let b(a) = a**2 - 5*a + 1. What is the tens digit of b(i)?
3
Suppose 0 = d + 3*d + 408. What is the units digit of (2/4)/((-3)/d)?
7
Let b(z) be the third derivative of z**4/24 + 5*z**3/6 - 2*z**2. Let a be b(-3). Suppose -3*n + n + a = 0. What is the units digit of n?
1
Let u(y) = -5*y + 7. Let m be u(-9). Suppose 4*d = 88 + m. What is the units digit of d?
5
What is the tens digit of -1 + 2 + 2 - -24?
2
Suppose 2*r + n + 24 - 80 = 0, -r - 5*n + 46 = 0. Let j be (-5)/2*8/(-10). Suppose -2*h + 5*f = -r, -j*h - h + 5*f = -29. What is the units digit of h?
3
Suppose 4*p = 19 - 3. Suppose p*a - 2*a = 6. Suppose -u - 7 = 2*u - 2*q, a*u + q - 8 = 0. What is the units digit of u?
1
What is the tens digit of (726/5)/((-16)/(-40))?
6
Suppose 3*x = 31 + 32. What is the tens digit of x?
2
Let l be (-1 + -5 - 3) + -3. Let x = -8 - l. Suppose 3*w - 35 = a, -w - x*a = -0*a - 29. What is the units digit of w?
3
Let j be -1*(-1 - (-2 - -3)). Suppose -j + 6 = -4*h. What is the units digit of (3/(-6))/(h/14)?
7
Let n = -24 - -26. Let z = -4 + 9. Suppose 0 = v + 5*r - 6 - 10, 57 = z*v + n*r. What is the units digit of v?
1
Suppose -2*d = -3*u - 371, -4*u + 5*u = 5*d - 908. What is the units digit of d?
1
Let v = 53 + 28. What is the tens digit of v?
8
Let p be -3 + (-5)/(10/(-4)). Suppose 23 = -0*x - x - 5*s, s = -2*x - 1. What is the units digit of (p - x)/(-1*1)?
3
Suppose 3*c = 5*c - 6. What is the units digit of c*-1 + (-3 - -23)?
7
Suppose -i - i = -8. Let j be 4 + 2/(2 - i). Suppose -a + 5 = 2*w, w - 3*a = 2*a - j. What is the units digit of w?
2
Suppose 4*b = -8 + 68. Suppose -5*r + 29 = 4*i, 0*r = 3*r + 3*i - b. Suppose -3*l + 9 = -r. What is the units digit of l?
6
Let k(x) = 4*x**2 - x + 1. Suppose 5*o - 3 = 2*o. Let j be k(o). Suppose -6*f + 2*p = -5*f + 5, f + p = j. What is the units digit of f?
1
Suppose 3*q - 2*v + 7*v - 97 = 0, -3*v - 57 = -3*q. Suppose k = -0*k + q. What is the units digit of k?
4
Let t = -35 - -91. Let o = 85 - t. What is the units digit of o?
9
Let w(v) = v - 5. Let t be w(5). Suppose 2*a + t*a + 12 = 0. What is the units digit of 1*2 + a + 5?
1
Let b be 1 + 5 - 0/(-2). Suppose 0 = -5*n + 2*r + 26, n + 2*r = 4 - b. Suppose 0 = 3*h + 5*t + 6, -4*t = h + 5 + n. What is the units digit of h?
3
Let z be (-19)/(-4) + (-11)/(-44). Suppose -25 = -f - z*s - 9, 2*s = -4*f + 46. What is the units digit of f?
1
Suppose -173 = -8*k + 259. What is the tens digit of k?
5
Let y(l) = -5*l**2 + 5*l - 11. Let z(d) = d**2 - d - 1. Let p(b) = -y(b) - 6*z(b). Let v(u) = -u - 2. Let k be v(-2). What is the units digit of p(k)?
7
Let u = 5 - 1. Suppose -u*h + 0 = -s + 24, -3*s + 30 = 2*h. What is the units digit of s?
2
Suppose 4*v + 0*v = -3*x + 243, -5*x = -4*v - 437. Suppose 3*m = 15, 3*y + 3*m - x = -2*m. What is the tens digit of y?
2
Suppose -14*b + b = -1664. What is the hundreds digit of b?
1
Suppose -3*m + 9 = -0*m. Let t = m + 8. What is the tens digit of t?
1
Let h(i) = 4 - 2*i - 6*i**2 - 3 - 2 - i**3. What is the units digit of h(-6)?
1
Suppose -2*a - 2*p = -p, -2*a + 8 = -p. Let g = a + 3. What is the units digit of g?
5
Let x = 5 + -87. Suppose -v + 84 = 3*v. What is the tens digit of x/(-7) - (-6)/v?
1
Let y = 1 - -5. Let m(o) = -3*o**2 - 4*o + 5. Let d(t) = -t**2. Let v(r) = -4*d(r) + m(r). What is the tens digit of v(y)?
1
What is the tens digit of ((-22)/3)/(18/(-81))?
3
Suppose 0 = 5*p - 3 - 77. Suppose 0 = 4*a - 4 - p. What is the units digit of a?
5
Let n(d) = 13*d - 33. What is the tens digit of n(6)?
4
Suppose 0 = 4*o - 4*v + 8, -6*o - 5*v = -2*o - 37. Let c = -14 - -24. Let m = c - o. What is the units digit of m?
7
Let v = 125 - 72. Let i = v + -25. What is the tens digit of i?
2
Let f = 26 + -26. Let g(a) = a**3 - a**2 + 53. What is the units digit of g(f)?
3
Let i be 4/22 - (-224)/(-22). Let p = -6 - i. What is the units digit of p?
4
Suppose 3*t + t + 128 = 0. Let z = t - -52. Let y = -10 + z. What is the units digit of y?
0
Let h(r) = -r - 7. Let b(d) = -3*d - 13. Let q(g) = 3*b(g) - 5*h(g). Let l be q(-5). Let v = l - 9. What is the units digit of v?
7
Let c = 27 - -35. Suppose -3*a + 7 - 44 = -q, 4*a + 5*q + c = 0. Let y = a + 23. What is the tens digit of y?
1
Let f be 1/((-1)/(-2*2)). Suppose -f*a + 32 = -16. What is the units digit of a?
2
Let z = 23 - 6. What is the units digit of z?
7
Let r(b) = 3*b - 1. Let n be r(5). Let s = -33 - -35. What is the units digit of n/s - (1 - 3)?
9
Let k(f) = -f**2 + f - 8. Let s be k(0). Let a = s - -10. What is the units digit of 